ose -f - 1 = -4, f = -p*x + 2758. Is x composite?
True
Let x(v) = -v**3 + 36*v**2 + 9*v - 31. Is x(36) a composite number?
False
Let c = 2617 + -1615. Suppose -5*m + 4843 = 2*x + c, 5*m + 3*x - 3839 = 0. Is m prime?
True
Suppose -3*l + 31 = -5*j, 0*l - j = -4*l + 47. Let d(r) = 7*r**3 - 8*r**2 - 5 - 9*r - 6*r**3 - 3*r**2. Is d(l) prime?
True
Let q = 15 + -6. Suppose q*w - 4*w - 15 = 0, -5*t - 4*w = -717. Suppose 0*r + s = -4*r + t, -2*s = 3*r - 107. Is r a prime number?
False
Let z(m) be the third derivative of 8/15*m**5 + 0*m + 1/12*m**4 - m**2 - 1/6*m**3 + 0. Is z(3) prime?
True
Let n(s) = 3948*s. Let g be n(3). Let z = -7413 + g. Suppose z = 2*k + k. Is k a prime number?
False
Is ((-20122)/10)/((-13)/65) a composite number?
False
Suppose -5*v + 11 = -14. Suppose 3*u - b - 61 = 13, -v*u = -b - 126. Is u prime?
False
Suppose -2*d + 4*n = 843 + 35, -5*d + 3*n - 2202 = 0. Let t = d - -704. Let l = 564 - t. Is l a composite number?
True
Let b(r) = -720*r**3 + 4*r**2 + 4*r + 3. Is b(-2) a prime number?
False
Let h(s) = 436*s**3 + s**2 + 18*s - 31. Is h(2) a prime number?
False
Is 24/(-44) + ((-1256235)/55)/(-3) composite?
True
Suppose -3*h - 42 + 84 = 0. Is 2*1455 - (-13 + h) prime?
True
Suppose -2*c = c - 9. Suppose 15 = -c*x, 3*s + 2*x + 23 = 4*x. Let t = 32 - s. Is t a prime number?
True
Suppose -x = 2*x - 6. Let o be (-1)/(-4)*(-35 + 35). Suppose v - 2*v - a + 248 = 0, -3*v - x*a + 743 = o. Is v a composite number?
True
Is 63756/5 - ((-147)/15 + 10) prime?
False
Let h be 2/11 - (-42531)/33. Suppose 7*w = 13770 - h. Is w a composite number?
False
Let k(p) = 6*p**2 - p + 1. Let x be k(9). Let g = x + -185. Is g prime?
True
Suppose 79*z + 44539 = 90*z. Is z composite?
False
Suppose 2*l = 3*w + 25, -w - 3*w - 5 = 3*l. Let k be (-70)/(-7)*2/l. Suppose 3*g - k*r = 95, g - 6*g = -4*r - 161. Is g composite?
True
Let s = -31 - -9. Let k = 32 + s. Is (148/(-10))/((-4)/k) prime?
True
Let u = 26 + -23. Suppose -2*d = 3*b - 4745 + 660, -u*d - 1358 = -b. Is b a composite number?
False
Let s(b) = -10*b**2 + b - 7. Let k be s(-6). Let c = 4304 - k. Is c prime?
False
Suppose 3*x = -0*x + 33. Suppose 3*j = s + x, s = -0 + 1. Suppose -j*h + 1353 + 4243 = 0. Is h a composite number?
False
Is (-128)/768 + (-82519)/(-6) composite?
True
Suppose 3*r = 53*x - 58*x + 35267, 4*r + 35239 = 5*x. Is x composite?
True
Suppose -2*v = 9*m - 4*m - 31203, -4*v - 24940 = -4*m. Is m prime?
False
Suppose 3208 = 4*q - 6*z + z, -5*q - 3*z = -3973. Is q prime?
True
Let x be (-22)/77 - (-16)/7. Suppose 200 = x*u - 84. Is u composite?
True
Suppose -3*u - 2*y + 3301 = -2*u, -4*u - 2*y = -13216. Let l = u + -1152. Is l a composite number?
False
Suppose z - 638 = -10*z. Suppose -z*s = -57*s - 1049. Is s prime?
True
Let b = -5 + 15. Let z(t) = 345*t + 5. Is z(b) composite?
True
Let s(a) = 5*a**2 + 19*a - 1. Let f be s(13). Suppose -2*t + 2*o - 256 = -4*t, -12 = -3*o. Let j = f - t. Is j composite?
False
Let l(p) = p**3 - 26*p**2 - 37*p + 3. Is l(34) prime?
True
Suppose -14826 = -2*o - p, -22225 = -3*o + p + p. Is o a prime number?
True
Let p = 606 - 254. Let l = p - 59. Is l composite?
False
Suppose -5*d + 5 = g, 2*d + 0*g = 3*g - 15. Suppose 8*h + d*h = 0. Suppose -6*z + 1506 = -h*z. Is z prime?
True
Let j be (42/(-4))/((-5)/20). Suppose 3*i - 2*o = i + j, 2*i - 43 = o. Suppose -k + i = -45. Is k prime?
True
Let v = 21215 - 5562. Is v prime?
False
Let i be (3/(-4))/((-69)/36 + 2). Is i/21 - 6592/(-28) a prime number?
False
Let s(m) = -77*m + 613. Is s(0) a composite number?
False
Suppose 6*x + 3597 - 1197 = 0. Let b = -222 - x. Is b a prime number?
False
Let v = -20 - -27. Suppose -v*i + 9*i = 6. Suppose c - 219 = -a + 33, i*c = 3*a + 750. Is c a prime number?
True
Let k(f) = 896*f - 87. Is k(14) prime?
True
Suppose 0 = -20*i + 18*i + 2480. Suppose -6*s + 6260 = -s - 5*t, -s - 3*t = -i. Is s prime?
True
Let u(p) = -p**2 + 2*p + 47. Let v be u(7). Suppose 395 = -4*i + 9*i. Let j = i - v. Is j composite?
False
Let i(q) = 281*q**2 - 15*q + 21. Is i(5) a composite number?
False
Let g(z) be the second derivative of -97*z**3/6 + 7*z**2 + 5*z. Is g(-9) composite?
False
Let x be (-5 - -6) + (-884)/(-2). Suppose -4*j + x = -321. Is j a prime number?
True
Suppose 3 + 6 = 3*x. Is (5*26)/1 - x a prime number?
True
Let y(i) = -26*i + 15. Let k be y(28). Let h = k + 2226. Is h a composite number?
True
Suppose 3*p - 369 = 426. Is p a composite number?
True
Suppose 2*m = 22 - 16. Suppose 3*r = -7*a + 6*a + 952, 3*r = -m*a + 2868. Is a a prime number?
False
Suppose -2*x - 40 = -10*x. Suppose -4*n + 423 = x*m, m = -m - n + 171. Is m a composite number?
True
Is 319/(3/((-11)/((-11)/3))) composite?
True
Let o(x) = -48*x**3 + 7*x**2 + 4*x + 10. Is o(-3) composite?
True
Let i = 20 + -18. Suppose -654 + 28 = -i*h. Suppose 4*r - h = 643. Is r a composite number?
False
Let p = 1 - 3. Let z be (0 + p)/((-5)/(-10)). Is z/30 + (-2661)/(-45) composite?
False
Let k = -25 + 26. Let r be 1*(-1 - (3 - k)). Is r/12*-838*2 composite?
False
Suppose -o - 2492 = -2*u + 6160, 2*o = -u + 4331. Is u a prime number?
True
Let c = -5997 + 8878. Is c composite?
True
Let j be 5 + 0 + (0 - 1). Let h = 53 - 55. Is (-7)/j*424/h a composite number?
True
Let u(x) = x**3 + 7*x**2 + 8*x + 15. Let w = 5 + -11. Let g be u(w). Suppose -h = g*h - 52. Is h a prime number?
True
Let k(s) = s**2 + 20*s + 55. Let w be k(-17). Suppose 4*h - o - 4458 = 0, -w*h + 3*o - o = -4456. Is h prime?
False
Let z(f) = f**3 - 7*f**2 + 6*f. Let w be z(6). Suppose -4*p - 2*p + 126 = w. Suppose 4*v - 4*j - j = 42, p = v + 4*j. Is v a prime number?
True
Let n be ((-10)/(-4))/(-5)*-2. Let f(p) = 0 + p - 6 + n + 0. Is f(16) composite?
False
Suppose 0 = -4*d + 2*d + 14. Suppose d*o - 15*o = -2888. Is o a composite number?
True
Let q(u) = 59*u + 28*u + 19 + 9*u + 30*u. Is q(7) composite?
True
Let z = 63 + 18. Suppose 2436 + z = 3*k. Is k prime?
True
Let p = -190 + 1590. Suppose 8*t = 12*t + p. Let j = 585 + t. Is j prime?
False
Let j = -3335 + 7281. Is j a prime number?
False
Let p(o) = 129*o**2 - 17*o - 35. Is p(-3) a prime number?
False
Let m = 273 - 87. Suppose 5*g = 3569 + m. Is g prime?
True
Let o(p) = -881*p - 1. Let k(l) = -440*l. Let i(a) = 5*k(a) - 3*o(a). Is i(2) composite?
True
Suppose 6815 = 5*a + 5*u, 5*u - 9*u - 4075 = -3*a. Is a a composite number?
False
Suppose 0 = -12*t + 35 + 13. Let f(n) = -n + 1. Let b be f(-3). Is 202 + (-1)/(b/t) a prime number?
False
Let z be -6*1/(-9)*-3. Is (-65)/(z - 1 - -2) a composite number?
True
Suppose 0*n - 2*n - p + 11 = 0, n - 13 = p. Suppose n*y = 10*y - 206. Is y a composite number?
False
Suppose -2*v + 1164 = 2*u, 3*v - 3*u = -u + 1741. Let d = -402 + v. Is d composite?
False
Suppose -3*a = -2*h + 3013, 0 = -5*h + 4*a + 8320 - 805. Is h composite?
False
Let q be 2/((-20)/(-12) + -1). Suppose 0 = -2*b + 4*b + q*v - 602, 5*v = -4*b + 1204. Is b prime?
False
Let x be 2/3*(-42)/(-28). Is (-1)/(-2)*x*1438 prime?
True
Suppose 51*i - 29*i = 163042. Is i a composite number?
False
Let o be ((54/(-4))/(-3))/((-8)/(-16)). Suppose 3*d = 4*d - 291. Is (-1 + 4)/(o/d) a prime number?
True
Suppose -3218 - 1874 = -4*o. Suppose 4*z + 4*l - o = 603, -z + 469 = -l. Is z composite?
True
Suppose 4*c + 2 = -6. Let i = -36 + 87. Is i/(-2)*c*1 composite?
True
Let l = 53 + -53. Is 44/66*(l - -1)*717 a prime number?
False
Suppose -4*n = 5*c - 25, c - 5*c = -4. Suppose -5*r + 3*z = -710 - 4680, 3*r - 3218 = n*z. Is r a composite number?
True
Suppose 3 = 8*p - 5. Is -466*(p/(-6))/(2/6) a composite number?
False
Suppose -4*c + 2845 = -8479. Is c a prime number?
False
Suppose 4*g + 6 = -10, 27 = m + 2*g. Let z be 2335/m - 4/(-14). Suppose -885 + z = -2*t. Is t a prime number?
True
Let d = 6935 - -224. Is d prime?
True
Let s(p) = -505*p + 252*p + 2 + 87*p - 521*p. Is s(-7) prime?
False
Let a(c) = -4836*c**3 + 4*c**2 - 2*c - 5. Is a(-1) composite?
True
Suppose -4*z = 5*t - 13 - 15, 3*t - 20 = -4*z. Let n = 1839 - 954. Suppose -n = -3*i - y - z*y, 0 = -2*i - 3*y + 592. Is i a composite number?
False
Suppose -3*n - 34 = -10. Let y(u) = -50*u + 27. Is y(n) composite?
True
Suppose -2*r = -0*t + 3*t - 12590, 5*r + 25 = 0. Let u = t - 2689. Is u composite?
False
Let o(q) = q - 3. Let u be o(9). Let g be 20/u*210/25. Suppose 0 = -3*z - z + g. Is z a c